 -i(l) - 6*z(l). What is the tens digit of v(15)?
3
Let c be (-12)/(-8) + 79/(-2). Let l = c + 128. What is the tens digit of l?
9
Let v = 103 + 102. Suppose -2*j + 3*h + 195 = 0, h = 2*j - 4*h - v. What is the tens digit of j?
9
Let c(m) = 388*m + 13. What is the tens digit of c(1)?
0
Let i be (-4)/(-2) + (-1 - 1). Let u = 5 + -5. Suppose 5*o - 60 + u = i. What is the tens digit of o?
1
Suppose -3*t + 14 = -5*s, -5 = 4*t - 5*s - 27. Suppose -3*b = t + 10. What is the tens digit of (36 - 0) + b + 5?
3
Let z(y) = -y**3 - 2 + 11*y + 8*y - y + 15*y**2. What is the units digit of z(16)?
0
Let f(o) = -o**2 + o - 12. Let n(j) = j**2 - j + 13. Let x(l) = -5*f(l) - 4*n(l). What is the tens digit of x(-5)?
3
Let d(r) = -r**2 - 10*r + 2. Let g be d(-10). Suppose b = -l - 5 - 3, g*l - 4*b + 4 = 0. Let y(o) = -o**3 - 6*o**2 - o - 2. What is the units digit of y(l)?
4
Let a(u) = 136*u**3 - 2*u + 2. Let c(t) = t**3. Let b(v) = a(v) - 6*c(v). What is the hundreds digit of b(1)?
1
Let s be -10*(-1 + (-14)/(-10)). Let v be (-16)/(-2)*(-2)/s. Suppose 0*g = -v*g - 3*t + 104, g = 5*t + 3. What is the tens digit of g?
2
Let i be 31 + (4 - 2) - 2. Suppose i*d + 2800 = 45*d. What is the tens digit of d?
0
Suppose -6*m + 24 = 4*f - 2*m, 0 = -3*m + 15. Let y be (f + -1)/((-10)/10). Suppose 2*l + 4*g - 32 = -y*l, 0 = 2*l + 5*g - 31. What is the tens digit of l?
1
Let w = -59 + 52. Let y(b) = b**3 + 8*b**2 - 14*b - 2. What is the tens digit of y(w)?
4
Suppose -3*v - 57 = 3*i, 4 = 4*i - 8*i. What is the units digit of (-6219)/(-81) - 4/v?
7
Let l(m) = 7*m**2 - 1. Let b = 17 - 15. Let c be 2/((0 - 0) + b). What is the units digit of l(c)?
6
Suppose 4321 = 5*p - 1884. What is the hundreds digit of p?
2
Let x(c) = 7*c - 1. Let n be x(-4). Let l = n - -139. What is the tens digit of l?
1
Let w = 20 - 55. Let f = 83 - w. What is the hundreds digit of f?
1
Let l = -160 - -338. Suppose -2*w - l = 5*k, -k + 3*k = 5*w + 445. Let y = 137 + w. What is the units digit of y?
8
Let t = 2152 + -702. What is the tens digit of t?
5
Let o = 4475 - 1893. What is the hundreds digit of o?
5
Let d(a) = 2*a**2 - 22*a + 23. Let u be 54/4*24/18. Let h be d(u). Suppose 5*t - h = -0*t. What is the units digit of t?
5
Suppose 2*f = 3*f + 80. Let c be (-1)/3 + f/12. What is the tens digit of (c/(-28))/(2/296)?
3
Let k(w) = w**3 - 4*w**2 - w + 2. Let l be k(4). Let b = l - 9. Let q = -3 - b. What is the units digit of q?
8
Suppose x - 217 = -b + 4*x, -5*b = x - 1133. Suppose -4*h + 892 = 5*z - z, 2*h = -z + b. What is the units digit of z?
0
Suppose 3*c = 2*f - 833, -c + f - 271 = -f. Let n = -174 - c. What is the hundreds digit of n?
1
Let a(h) = 5*h. Let z(i) = -i**3 - 3*i**2 + 3*i + 5. Let c be z(-4). Let n be c/6*8/12. What is the units digit of a(n)?
5
Let a(g) = g**3 + 8*g**2 - 9*g - 11. Let m be a(-8). Let p = 37 - m. Let v = 37 - p. What is the units digit of v?
1
Let u(j) = 5*j**2 - j. Let k be u(2). Let z = k - 0. What is the units digit of z?
8
Let w = -240 - -1171. What is the units digit of w?
1
Let w(f) = -2*f**2 + 44*f + 2. Let j be w(22). Suppose -70 = j*q - 334. What is the units digit of q?
2
Suppose 15563 - 119 = 18*x. What is the tens digit of x?
5
Let i(n) = 3*n + 7. Let p be i(-7). Let q be (-4)/p + 5/7. Let w = 27 - q. What is the units digit of w?
6
Let g = 3723 - 1468. What is the thousands digit of g?
2
Suppose 0 = 3*m - 5*b - 1309, 425 + 892 = 3*m + 3*b. What is the units digit of m?
8
Suppose -2*z = 5*r - 0*r + 22, -2*r - 2*z - 4 = 0. What is the tens digit of (-36)/54 + (-202)/r?
3
Suppose -a + 0*m + 2*m = -519, 3*m = -2*a + 1059. What is the units digit of a?
5
Let w = 136 - 37. What is the tens digit of w?
9
Let s(o) = 3*o - 31. Let z be s(12). Suppose 0*u + z*q + 36 = u, -q = 2*u - 105. What is the units digit of u?
1
Suppose 3*f - w = 6*f - 4262, 3*f = 2*w + 4247. What is the tens digit of f?
1
Suppose 14099 = 24*v - 4861. What is the tens digit of v?
9
Let y = 1906 + -989. What is the units digit of y?
7
Let u(g) = g**2 + g - 1. Let v be u(0). Let i(x) = -23*x - 71. Let y be i(-3). What is the units digit of y + 32 + 3/v?
7
Suppose 933 = -3*q - 3*a, -5*a + 0 + 20 = 0. Let r = q - -455. What is the hundreds digit of r?
1
Let s(d) = -5*d - 12. Let w be s(-5). Suppose w*j - 15*j = -98. What is the units digit of j?
9
Let u be (12/(-7))/(8/(-28)). Let f be u/27 + (-1317)/(-27). Suppose -4*k + 46 = -v - f, 4*k - 98 = -2*v. What is the units digit of k?
4
Suppose 0 = -o + 2*g - 33, 0*g - 125 = 5*o - 2*g. Let m = 110 + o. Suppose -3*u + 0*z + 82 = 2*z, -3*z = 3*u - m. What is the tens digit of u?
2
Suppose -h - 2*f = -11, -7*f = 5*h - 2*f - 35. Let m(n) = -6*n + 3*n + h*n + 2*n. What is the units digit of m(5)?
0
Let g(t) = -t**2 - 5*t - 4. Let r(s) = -2*s - 2. Let c(y) = -2*g(y) + 5*r(y). Let f be c(2). Let i(q) = q**2 - 6*q + 9. What is the units digit of i(f)?
9
Let n be (6/2)/(-2 - (-55)/20). Suppose 0 = -n*q - 4*q + 776. What is the units digit of q?
7
What is the units digit of ((136/16)/17)/(3/4068)?
8
What is the hundreds digit of (-117)/(-78) - (-986)/4?
2
Let t = 1 + 2. Suppose 0 = -3*u - 4*d + 37, u = t*d - 3 + 24. What is the units digit of u?
5
Suppose 0 = -324*p + 316*p + 18240. What is the thousands digit of p?
2
What is the thousands digit of 4 + -7 - -3 - -1503?
1
Let q(p) = p**3 - p**2 + p - 1. Let a be q(1). Let b(d) = d - 14. Let n(o) = 3*o - 39. Let z(t) = 11*b(t) - 4*n(t). What is the units digit of z(a)?
2
Let m be 6/27 + 10/(-45). Let x be 3 - (0 + m + 2). Suppose h = -2*p + 20 + 6, 3*h - x = p. What is the tens digit of p?
1
Let r be 683/(-4) - 1/4. Suppose -2*k - 4*i + 22 = i, -4*k + 16 = -4*i. What is the units digit of r/k*(-6)/9?
9
Suppose 24 = 37*x - 40*x. Let f(q) = q**2 + 3*q - 13. What is the units digit of f(x)?
7
Let n = 4 - -1. Let m(k) = k**2 + 7*k - 9. Let f be m(n). Suppose -6*q + 3 = -f. What is the units digit of q?
9
Suppose 3*u - 9 = 4*i, -u + 0 = 5*i - 3. Suppose -3*a = -b - 52, -3*a - 4*b - b + 64 = i. What is the tens digit of a?
1
Let x(y) = -21*y**3 - 3*y**2 - y + 7. Let f be x(-3). Let c = f + -361. What is the tens digit of c?
8
Let a = -264 - -452. Suppose a = 4*k + 4*b, -4*k = -9*k + b + 217. What is the units digit of k?
4
Let p be 12*(52/12 + -4). Suppose -2*l = -2*k + 26 + 2, 5*l - 56 = -p*k. What is the units digit of k?
4
Let o(j) = j**3 - 9*j**2 - 10*j - 2. Let w be o(10). Let y be (-1)/w*(-16 - -6). Let v = y + 11. What is the units digit of v?
6
Suppose -5*n - r - 3*r = 7, -5*n + 2 = r. What is the tens digit of (-72)/(-2) - 3 - n?
3
Let y be -1 - (-3)/(-1) - (0 + 1). Let c(j) = j**3 + 7*j**2 + 5*j + 2. What is the units digit of c(y)?
7
Let q = 585 - 385. Let c = q + -93. What is the units digit of c?
7
Let l = -18 + 81. Suppose -5*d + 363 = l. Suppose -h - h = -d. What is the tens digit of h?
3
Suppose 2*g + 5*q - 649 = 0, -6*g + 3*q = -3*g - 921. What is the units digit of g?
2
Let d be 1588/24 + (-1)/6. Suppose d = 3*w - 333. What is the tens digit of w?
3
Let o(g) = -g + 6. Let x be o(-8). Let k = 13 + -22. Let b = x + k. What is the units digit of b?
5
Suppose -4*u - 4*k = -0*k - 1236, -3*u - 4*k + 931 = 0. What is the units digit of u?
5
Suppose 4*p - 22 = 2*u + 86, -225 = 4*u - 5*p. Let m = 114 + u. Suppose 4*k - m = -6. What is the units digit of k?
2
Let u(i) = i**2 - 29. Let k be u(0). Let r = k - -95. Suppose -5*o = -4*o - r. What is the tens digit of o?
6
Let c(f) = -15*f - 2. Let h be c(-4). Let w(k) = -h + 4*k + 58. What is the units digit of w(3)?
2
Let s = 2204 + -977. What is the tens digit of s?
2
Let d(c) = -34*c**2 - 5*c - 5. Let j be d(3). Let h = 511 + j. What is the hundreds digit of h?
1
What is the hundreds digit of 1554/15*(-455)/(-26)?
8
Let g = 28 - 27. What is the tens digit of -1*(-4 - -3)*g + 183?
8
Suppose -68799 = -6*a - 65*a. What is the units digit of a?
9
Suppose -25*t = -12491 - 41784. What is the hundreds digit of t?
1
Let r(o) = 7*o**3 + 4*o**2 - o + 4. Let h(l) = 6*l**3 + 3*l**2 - l + 3. Let d(a) = 5*h(a) - 4*r(a). Let x be d(3). Let i = x - 21. What is the units digit of i?
0
What is the hundreds digit of -4*((-48)/(-60) + 61833/(-60))?
1
Let y be (-196)/91 - (-2)/13. Let u be (1 - 1)/(y/(-2)). What is the tens digit of u - 11*(1 + -2)?
1
Let n(h) = h**3 - 11*h**2 + 14